{"id":307,"date":"2012-03-07T18:48:56","date_gmt":"2012-03-07T17:48:56","guid":{"rendered":"http:\/\/slottshyllan.se\/?page_id=307"},"modified":"2015-08-19T16:50:34","modified_gmt":"2015-08-19T14:50:34","slug":"lankar","status":"publish","type":"page","link":"https:\/\/slottshyllan.se\/?page_id=307","title":{"rendered":"L\u00e4nkar"},"content":{"rendered":"<p><a href=\"http:\/\/www.farstaslottsvik.nu\">Farsta slottsviks storsamf\u00e4llighets hemsida<\/a><\/p>\n<p><a href=\"https:\/\/www2.varmdo.se\">V\u00e4rmd\u00f6 kommun<\/a><\/p>\n<p><a href=\"http:\/\/sl.se\/sv\/Verktyg\/Kontakta-oss\/Skriv-till-oss\/\">Om inte bussen kommer&#8230;<\/a><\/p>\n<p><a href=\"http:\/\/www.artipelag.se\">Artipelag<\/a><\/p>\n<p><a href=\"http:\/\/www.svd.se\/kultur\/ny-konsthall-pa-naturens-villkor_7125561.svd\">Om Artipelag i SvD<\/a><\/p>\n<p><a href=\"http:\/\/www.odla.nu\">Odla.nu<\/a><\/p>\n<p>&nbsp;<\/p>\n","protected":false},"excerpt":{"rendered":"<p>Farsta slottsviks storsamf\u00e4llighets hemsida V\u00e4rmd\u00f6 kommun Om inte bussen kommer&#8230; Artipelag Om Artipelag i SvD Odla.nu &nbsp;<\/p>\n","protected":false},"author":1,"featured_media":0,"parent":0,"menu_order":80,"comment_status":"closed","ping_status":"closed","template":"onecolumn-page.php","meta":[],"_links":{"self":[{"href":"https:\/\/slottshyllan.se\/index.php?rest_route=\/wp\/v2\/pages\/307"}],"collection":[{"href":"https:\/\/slottshyllan.se\/index.php?rest_route=\/wp\/v2\/pages"}],"about":[{"href":"https:\/\/slottshyllan.se\/index.php?rest_route=\/wp\/v2\/types\/page"}],"author":[{"embeddable":true,"href":"https:\/\/slottshyllan.se\/index.php?rest_route=\/wp\/v2\/users\/1"}],"replies":[{"embeddable":true,"href":"https:\/\/slottshyllan.se\/index.php?rest_route=%2Fwp%2Fv2%2Fcomments&post=307"}],"version-history":[{"count":24,"href":"https:\/\/slottshyllan.se\/index.php?rest_route=\/wp\/v2\/pages\/307\/revisions"}],"predecessor-version":[{"id":310,"href":"https:\/\/slottshyllan.se\/index.php?rest_route=\/wp\/v2\/pages\/307\/revisions\/310"}],"wp:attachment":[{"href":"https:\/\/slottshyllan.se\/index.php?rest_route=%2Fwp%2Fv2%2Fmedia&parent=307"}],"curies":[{"name":"wp","href":"https:\/\/api.w.org\/{rel}","templated":true}]}}