{"id":549,"date":"2012-03-24T18:41:13","date_gmt":"2012-03-24T17:41:13","guid":{"rendered":"http:\/\/slottshyllan.se\/?page_id=549"},"modified":"2025-01-30T16:30:52","modified_gmt":"2025-01-30T15:30:52","slug":"medlemssidor","status":"publish","type":"page","link":"https:\/\/slottshyllan.se\/?page_id=549","title":{"rendered":"Medlemssidor"},"content":{"rendered":"\n<p>Under l\u00f6senordsskyddade l\u00e4nkar finns kontaktuppgifter till styrelsen och andra medlemmar, information om vad v\u00e5r f\u00f6rening f\u00f6rvaltar, f\u00f6reningens stadgar och protokoll fr\u00e5n \u00e5rsst\u00e4mmor och styrelsem\u00f6ten.<\/p>\n\n\n\n<h2><\/h2>\n","protected":false},"excerpt":{"rendered":"<p>Under l\u00f6senordsskyddade l\u00e4nkar finns kontaktuppgifter till styrelsen och andra medlemmar, information om vad v\u00e5r f\u00f6rening f\u00f6rvaltar, f\u00f6reningens stadgar och protokoll fr\u00e5n \u00e5rsst\u00e4mmor och styrelsem\u00f6ten.<\/p>\n","protected":false},"author":1,"featured_media":0,"parent":0,"menu_order":50,"comment_status":"closed","ping_status":"closed","template":"onecolumn-page.php","meta":[],"_links":{"self":[{"href":"https:\/\/slottshyllan.se\/index.php?rest_route=\/wp\/v2\/pages\/549"}],"collection":[{"href":"https:\/\/slottshyllan.se\/index.php?rest_route=\/wp\/v2\/pages"}],"about":[{"href":"https:\/\/slottshyllan.se\/index.php?rest_route=\/wp\/v2\/types\/page"}],"author":[{"embeddable":true,"href":"https:\/\/slottshyllan.se\/index.php?rest_route=\/wp\/v2\/users\/1"}],"replies":[{"embeddable":true,"href":"https:\/\/slottshyllan.se\/index.php?rest_route=%2Fwp%2Fv2%2Fcomments&post=549"}],"version-history":[{"count":23,"href":"https:\/\/slottshyllan.se\/index.php?rest_route=\/wp\/v2\/pages\/549\/revisions"}],"predecessor-version":[{"id":1419,"href":"https:\/\/slottshyllan.se\/index.php?rest_route=\/wp\/v2\/pages\/549\/revisions\/1419"}],"wp:attachment":[{"href":"https:\/\/slottshyllan.se\/index.php?rest_route=%2Fwp%2Fv2%2Fmedia&parent=549"}],"curies":[{"name":"wp","href":"https:\/\/api.w.org\/{rel}","templated":true}]}}